{"id":6193,"date":"2023-05-17T09:28:27","date_gmt":"2023-05-17T07:28:27","guid":{"rendered":"https:\/\/hcrb.de\/?page_id=6193"},"modified":"2023-09-11T09:44:37","modified_gmt":"2023-09-11T07:44:37","slug":"wka-unterstuetzer-mitgliedschaft","status":"publish","type":"page","link":"https:\/\/hcrb.de\/index.php\/wka-unterstuetzer-mitgliedschaft\/","title":{"rendered":"WKA Unterst\u00fctzer Mitgliedschaft"},"content":{"rendered":"\t\t<div data-elementor-type=\"wp-page\" data-elementor-id=\"6193\" class=\"elementor elementor-6193\" data-elementor-post-type=\"page\">\n\t\t\t\t\t\t<section class=\"elementor-section elementor-top-section elementor-element elementor-element-777a17e elementor-section-boxed elementor-section-height-default elementor-section-height-default\" data-id=\"777a17e\" data-element_type=\"section\" data-e-type=\"section\">\n\t\t\t\t\t\t<div class=\"elementor-container elementor-column-gap-default\">\n\t\t\t\t\t<div class=\"elementor-column elementor-col-100 elementor-top-column elementor-element elementor-element-b64e83c\" data-id=\"b64e83c\" data-element_type=\"column\" data-e-type=\"column\">\n\t\t\t<div class=\"elementor-widget-wrap elementor-element-populated\">\n\t\t\t\t\t\t<div class=\"elementor-element elementor-element-e7961f6 elementor-widget elementor-widget-heading\" data-id=\"e7961f6\" data-element_type=\"widget\" data-e-type=\"widget\" data-widget_type=\"heading.default\">\n\t\t\t\t<div class=\"elementor-widget-container\">\n\t\t\t\t\t<h2 class=\"elementor-heading-title elementor-size-default\">Unterst\u00fctzer Mitgliedschaft<\/h2>\t\t\t\t<\/div>\n\t\t\t\t<\/div>\n\t\t\t\t\t<\/div>\n\t\t<\/div>\n\t\t\t\t\t<\/div>\n\t\t<\/section>\n\t\t\t\t<section class=\"elementor-section elementor-top-section elementor-element elementor-element-e109890 elementor-section-boxed elementor-section-height-default elementor-section-height-default\" data-id=\"e109890\" data-element_type=\"section\" data-e-type=\"section\">\n\t\t\t\t\t\t<div class=\"elementor-container elementor-column-gap-default\">\n\t\t\t\t\t<div class=\"elementor-column elementor-col-100 elementor-top-column elementor-element elementor-element-13eb9cd\" data-id=\"13eb9cd\" data-element_type=\"column\" data-e-type=\"column\">\n\t\t\t<div class=\"elementor-widget-wrap\">\n\t\t\t\t\t\t\t<\/div>\n\t\t<\/div>\n\t\t\t\t\t<\/div>\n\t\t<\/section>\n\t\t\t\t<section class=\"elementor-section elementor-top-section elementor-element elementor-element-45ffb66 elementor-section-boxed elementor-section-height-default elementor-section-height-default\" data-id=\"45ffb66\" data-element_type=\"section\" data-e-type=\"section\">\n\t\t\t\t\t\t<div class=\"elementor-container elementor-column-gap-default\">\n\t\t\t\t\t<div class=\"elementor-column elementor-col-100 elementor-top-column elementor-element elementor-element-182b8b5\" data-id=\"182b8b5\" data-element_type=\"column\" data-e-type=\"column\">\n\t\t\t<div class=\"elementor-widget-wrap elementor-element-populated\">\n\t\t\t\t\t\t<div class=\"elementor-element elementor-element-f23390d elementor-widget elementor-widget-text-editor\" data-id=\"f23390d\" data-element_type=\"widget\" data-e-type=\"widget\" data-widget_type=\"text-editor.default\">\n\t\t\t\t<div class=\"elementor-widget-container\">\n\t\t\t\t\t\t\t\t\t<div class=\"elementor-element-overlay\">\u00a0<\/div><div class=\"elementor-element-overlay\"><span style=\"font-size: 16px;\">Wenn Sie uns bei der Erhaltung unseres Fluggebietes unterst\u00fctzen und an aktuellen Informationen \u00fcber den aktuellen Stand der Planungen f\u00fcr die Windkraftanlagen erhalten m\u00f6chten, dann melden Sie sich bitte \u00fcber das untenstehende Formular an.<\/span><\/div><div class=\"elementor-element-overlay\"><span style=\"font-size: 16px;\">\u00a0<\/span><\/div><div class=\"elementor-column-wrap elementor-element-populated\"><div class=\"elementor-widget-wrap ui-sortable\"><div id=\"\" class=\"elementor-element elementor-element-edit-mode elementor-element-25999de5 elementor-element--toggle-edit-tools elementor-widget elementor-widget-text-editor ui-resizable\" data-id=\"25999de5\" data-element_type=\"widget\" data-model-cid=\"c36\" data-widget_type=\"text-editor.default\"><p>Gleichzeitig k\u00f6nnen Sie sich f\u00fcr einen <b>Newsletter<\/b> registrieren, mit welchem wir \u00fcber den aktuellen Stand der Planungen informieren.<\/p><p>Die Unterst\u00fctzer-Mitgliedschaft ist <b>kostenlos<\/b> und begrenzt auf 2 Jahre.<\/p><p>Diese Unterst\u00fctzer-Mitgliedschaft ist nicht mit der aktiven Vereinsmitgliedschaft gleichzusetzen. Sie dient rein der Windkraft Unterst\u00fctzung des HCRB e.V. Piloten mit A-Schein und ausschliesslich einer Unterst\u00fctzer-Mitgliedschaft haben leider keine Startberechtigung im Sinne unserer Fluggebietsordnung bzw. Gel\u00e4ndezulassung. Fliegen mit A-Schein am Hochblauen ist nur mit einer dauerhaften Mitgliedschaft m\u00f6glich.<\/p><\/div><\/div><\/div>\t\t\t\t\t\t\t\t<\/div>\n\t\t\t\t<\/div>\n\t\t\t\t<div class=\"elementor-element elementor-element-a76864b elementor-button-align-stretch elementor-widget elementor-widget-form\" data-id=\"a76864b\" data-element_type=\"widget\" data-e-type=\"widget\" data-settings=\"{&quot;step_next_label&quot;:&quot;N\\u00e4chster&quot;,&quot;step_previous_label&quot;:&quot;Voriger&quot;,&quot;button_width&quot;:&quot;100&quot;,&quot;step_type&quot;:&quot;number_text&quot;,&quot;step_icon_shape&quot;:&quot;circle&quot;}\" data-widget_type=\"form.default\">\n\t\t\t\t<div class=\"elementor-widget-container\">\n\t\t\t\t\t\t\t<form class=\"elementor-form\" method=\"post\" id=\"AnmeldungRegiocup\" name=\"Unterst\u00fctzer Mitgliedschaft\" aria-label=\"Unterst\u00fctzer Mitgliedschaft\">\n\t\t\t<input type=\"hidden\" name=\"post_id\" value=\"6193\"\/>\n\t\t\t<input type=\"hidden\" name=\"form_id\" value=\"a76864b\"\/>\n\t\t\t<input type=\"hidden\" name=\"referer_title\" value=\"WKA Unterst\u00fctzer Mitgliedschaft - H\u00e4ngegleiter-Club Regio Blauen\" \/>\n\n\t\t\t\t\t\t\t<input type=\"hidden\" name=\"queried_id\" value=\"6193\"\/>\n\t\t\t\n\t\t\t<div class=\"elementor-form-fields-wrapper elementor-labels-above\">\n\t\t\t\t\t\t\t\t<div class=\"elementor-field-type-text elementor-field-group elementor-column elementor-field-group-name elementor-col-100 elementor-field-required\">\n\t\t\t\t\t\t\t\t\t\t\t\t<label for=\"form-field-name\" class=\"elementor-field-label\">\n\t\t\t\t\t\t\t\tNachname, Vorname\t\t\t\t\t\t\t<\/label>\n\t\t\t\t\t\t\t\t\t\t\t\t\t\t<input size=\"1\" type=\"text\" name=\"form_fields[name]\" id=\"form-field-name\" class=\"elementor-field elementor-size-sm  elementor-field-textual\" placeholder=\"Name\" required=\"required\">\n\t\t\t\t\t\t\t\t\t\t\t<\/div>\n\t\t\t\t\t\t\t\t<div class=\"elementor-field-type-email elementor-field-group elementor-column elementor-field-group-email elementor-col-100 elementor-field-required\">\n\t\t\t\t\t\t\t\t\t\t\t\t<label for=\"form-field-email\" class=\"elementor-field-label\">\n\t\t\t\t\t\t\t\tE-Mail\t\t\t\t\t\t\t<\/label>\n\t\t\t\t\t\t\t\t\t\t\t\t\t\t<input size=\"1\" type=\"email\" name=\"form_fields[email]\" id=\"form-field-email\" class=\"elementor-field elementor-size-sm  elementor-field-textual\" placeholder=\"E-Mail\" required=\"required\">\n\t\t\t\t\t\t\t\t\t\t\t<\/div>\n\t\t\t\t\t\t\t\t<div class=\"elementor-field-type-text elementor-field-group elementor-column elementor-field-group-field_56c4025 elementor-col-100 elementor-field-required\">\n\t\t\t\t\t\t\t\t\t\t\t\t<label for=\"form-field-field_56c4025\" class=\"elementor-field-label\">\n\t\t\t\t\t\t\t\tStrasse\t\t\t\t\t\t\t<\/label>\n\t\t\t\t\t\t\t\t\t\t\t\t\t\t<input size=\"1\" type=\"text\" name=\"form_fields[field_56c4025]\" id=\"form-field-field_56c4025\" class=\"elementor-field elementor-size-sm  elementor-field-textual\" required=\"required\">\n\t\t\t\t\t\t\t\t\t\t\t<\/div>\n\t\t\t\t\t\t\t\t<div class=\"elementor-field-type-text elementor-field-group elementor-column elementor-field-group-field_7ace427 elementor-col-100 elementor-field-required\">\n\t\t\t\t\t\t\t\t\t\t\t\t<label for=\"form-field-field_7ace427\" class=\"elementor-field-label\">\n\t\t\t\t\t\t\t\tWohnort\t\t\t\t\t\t\t<\/label>\n\t\t\t\t\t\t\t\t\t\t\t\t\t\t<input size=\"1\" type=\"text\" name=\"form_fields[field_7ace427]\" id=\"form-field-field_7ace427\" class=\"elementor-field elementor-size-sm  elementor-field-textual\" required=\"required\">\n\t\t\t\t\t\t\t\t\t\t\t<\/div>\n\t\t\t\t\t\t\t\t<div class=\"elementor-field-type-acceptance elementor-field-group elementor-column elementor-field-group-field_5365073 elementor-col-100\">\n\t\t\t\t\t\t\t\t\t\t\t\t<label for=\"form-field-field_5365073\" class=\"elementor-field-label\">\n\t\t\t\t\t\t\t\tAnmeldung Newsletter\t\t\t\t\t\t\t<\/label>\n\t\t\t\t\t\t\t\t<div class=\"elementor-field-subgroup\">\n\t\t\t<span class=\"elementor-field-option\">\n\t\t\t\t<input type=\"checkbox\" name=\"form_fields[field_5365073]\" id=\"form-field-field_5365073\" class=\"elementor-field elementor-size-sm  elementor-acceptance-field\">\n\t\t\t\t\t\t\t<\/span>\n\t\t<\/div>\n\t\t\t\t\t\t<\/div>\n\t\t\t\t\t\t\t\t<div class=\"elementor-field-group elementor-column elementor-field-type-submit elementor-col-100 e-form__buttons\">\n\t\t\t\t\t<button class=\"elementor-button elementor-size-sm\" type=\"submit\">\n\t\t\t\t\t\t<span class=\"elementor-button-content-wrapper\">\n\t\t\t\t\t\t\t\t\t\t\t\t\t\t\t\t\t\t\t\t\t\t<span class=\"elementor-button-text\">Senden<\/span>\n\t\t\t\t\t\t\t\t\t\t\t\t\t<\/span>\n\t\t\t\t\t<\/button>\n\t\t\t\t<\/div>\n\t\t\t<\/div>\n\t\t<\/form>\n\t\t\t\t\t\t<\/div>\n\t\t\t\t<\/div>\n\t\t\t\t\t<\/div>\n\t\t<\/div>\n\t\t\t\t\t<\/div>\n\t\t<\/section>\n\t\t\t\t<\/div>\n\t\t","protected":false},"excerpt":{"rendered":"<p>Unterst\u00fctzer Mitgliedschaft \u00a0Wenn Sie uns bei der Erhaltung unseres Fluggebietes unterst\u00fctzen und an aktuellen Informationen \u00fcber den aktuellen Stand der Planungen f\u00fcr die Windkraftanlagen erhalten m\u00f6chten, dann melden Sie sich bitte \u00fcber das untenstehende Formular an.\u00a0 Gleichzeitig k\u00f6nnen Sie sich f\u00fcr einen Newsletter registrieren, mit welchem wir \u00fcber den aktuellen Stand der Planungen informieren. Die [&hellip;]<\/p>\n","protected":false},"author":6,"featured_media":5105,"parent":0,"menu_order":0,"comment_status":"closed","ping_status":"closed","template":"","meta":{"site-sidebar-layout":"no-sidebar","site-content-layout":"page-builder","ast-site-content-layout":"default","site-content-style":"default","site-sidebar-style":"default","ast-global-header-display":"","ast-banner-title-visibility":"","ast-main-header-display":"","ast-hfb-above-header-display":"","ast-hfb-below-header-display":"","ast-hfb-mobile-header-display":"","site-post-title":"disabled","ast-breadcrumbs-content":"","ast-featured-img":"disabled","footer-sml-layout":"","ast-disable-related-posts":"","theme-transparent-header-meta":"","adv-header-id-meta":"","stick-header-meta":"","header-above-stick-meta":"","header-main-stick-meta":"","header-below-stick-meta":"","astra-migrate-meta-layouts":"default","ast-page-background-enabled":"default","ast-page-background-meta":{"desktop":{"background-color":"","background-image":"","background-repeat":"repeat","background-position":"center center","background-size":"auto","background-attachment":"scroll","background-type":"","background-media":"","overlay-type":"","overlay-color":"","overlay-opacity":"","overlay-gradient":""},"tablet":{"background-color":"","background-image":"","background-repeat":"repeat","background-position":"center center","background-size":"auto","background-attachment":"scroll","background-type":"","background-media":"","overlay-type":"","overlay-color":"","overlay-opacity":"","overlay-gradient":""},"mobile":{"background-color":"","background-image":"","background-repeat":"repeat","background-position":"center center","background-size":"auto","background-attachment":"scroll","background-type":"","background-media":"","overlay-type":"","overlay-color":"","overlay-opacity":"","overlay-gradient":""}},"ast-content-background-meta":{"desktop":{"background-color":"var(--ast-global-color-5)","background-image":"","background-repeat":"repeat","background-position":"center center","background-size":"auto","background-attachment":"scroll","background-type":"","background-media":"","overlay-type":"","overlay-color":"","overlay-opacity":"","overlay-gradient":""},"tablet":{"background-color":"var(--ast-global-color-5)","background-image":"","background-repeat":"repeat","background-position":"center center","background-size":"auto","background-attachment":"scroll","background-type":"","background-media":"","overlay-type":"","overlay-color":"","overlay-opacity":"","overlay-gradient":""},"mobile":{"background-color":"var(--ast-global-color-5)","background-image":"","background-repeat":"repeat","background-position":"center center","background-size":"auto","background-attachment":"scroll","background-type":"","background-media":"","overlay-type":"","overlay-color":"","overlay-opacity":"","overlay-gradient":""}},"footnotes":""},"class_list":["post-6193","page","type-page","status-publish","has-post-thumbnail","hentry"],"yoast_head":"<!-- This site is optimized with the Yoast SEO plugin v27.5 - https:\/\/yoast.com\/product\/yoast-seo-wordpress\/ -->\n<title>WKA Unterst\u00fctzer Mitgliedschaft - H\u00e4ngegleiter-Club Regio Blauen<\/title>\n<meta name=\"robots\" content=\"index, follow, max-snippet:-1, max-image-preview:large, max-video-preview:-1\" \/>\n<link rel=\"canonical\" href=\"https:\/\/hcrb.de\/index.php\/wka-unterstuetzer-mitgliedschaft\/\" \/>\n<meta property=\"og:locale\" content=\"de_DE\" \/>\n<meta property=\"og:type\" content=\"article\" \/>\n<meta property=\"og:title\" content=\"WKA Unterst\u00fctzer Mitgliedschaft - H\u00e4ngegleiter-Club Regio Blauen\" \/>\n<meta property=\"og:description\" content=\"Unterst\u00fctzer Mitgliedschaft \u00a0Wenn Sie uns bei der Erhaltung unseres Fluggebietes unterst\u00fctzen und an aktuellen Informationen \u00fcber den aktuellen Stand der Planungen f\u00fcr die Windkraftanlagen erhalten m\u00f6chten, dann melden Sie sich bitte \u00fcber das untenstehende Formular an.\u00a0 Gleichzeitig k\u00f6nnen Sie sich f\u00fcr einen Newsletter registrieren, mit welchem wir \u00fcber den aktuellen Stand der Planungen informieren. Die [&hellip;]\" \/>\n<meta property=\"og:url\" content=\"https:\/\/hcrb.de\/index.php\/wka-unterstuetzer-mitgliedschaft\/\" \/>\n<meta property=\"og:site_name\" content=\"H\u00e4ngegleiter-Club Regio Blauen\" \/>\n<meta property=\"article:modified_time\" content=\"2023-09-11T07:44:37+00:00\" \/>\n<meta property=\"og:image\" content=\"https:\/\/hcrb.de\/wp-content\/uploads\/2022\/03\/20160703_140505.jpg\" \/>\n\t<meta property=\"og:image:width\" content=\"2048\" \/>\n\t<meta property=\"og:image:height\" content=\"1152\" \/>\n\t<meta property=\"og:image:type\" content=\"image\/jpeg\" \/>\n<meta name=\"twitter:card\" content=\"summary_large_image\" \/>\n<meta name=\"twitter:label1\" content=\"Gesch\u00e4tzte Lesezeit\" \/>\n\t<meta name=\"twitter:data1\" content=\"1\u00a0Minute\" \/>\n<script type=\"application\/ld+json\" class=\"yoast-schema-graph\">{\"@context\":\"https:\\\/\\\/schema.org\",\"@graph\":[{\"@type\":\"WebPage\",\"@id\":\"https:\\\/\\\/hcrb.de\\\/index.php\\\/wka-unterstuetzer-mitgliedschaft\\\/\",\"url\":\"https:\\\/\\\/hcrb.de\\\/index.php\\\/wka-unterstuetzer-mitgliedschaft\\\/\",\"name\":\"WKA Unterst\u00fctzer Mitgliedschaft - H\u00e4ngegleiter-Club Regio Blauen\",\"isPartOf\":{\"@id\":\"https:\\\/\\\/hcrb.de\\\/#website\"},\"primaryImageOfPage\":{\"@id\":\"https:\\\/\\\/hcrb.de\\\/index.php\\\/wka-unterstuetzer-mitgliedschaft\\\/#primaryimage\"},\"image\":{\"@id\":\"https:\\\/\\\/hcrb.de\\\/index.php\\\/wka-unterstuetzer-mitgliedschaft\\\/#primaryimage\"},\"thumbnailUrl\":\"https:\\\/\\\/hcrb.de\\\/wp-content\\\/uploads\\\/2022\\\/03\\\/20160703_140505.jpg\",\"datePublished\":\"2023-05-17T07:28:27+00:00\",\"dateModified\":\"2023-09-11T07:44:37+00:00\",\"breadcrumb\":{\"@id\":\"https:\\\/\\\/hcrb.de\\\/index.php\\\/wka-unterstuetzer-mitgliedschaft\\\/#breadcrumb\"},\"inLanguage\":\"de\",\"potentialAction\":[{\"@type\":\"ReadAction\",\"target\":[\"https:\\\/\\\/hcrb.de\\\/index.php\\\/wka-unterstuetzer-mitgliedschaft\\\/\"]}]},{\"@type\":\"ImageObject\",\"inLanguage\":\"de\",\"@id\":\"https:\\\/\\\/hcrb.de\\\/index.php\\\/wka-unterstuetzer-mitgliedschaft\\\/#primaryimage\",\"url\":\"https:\\\/\\\/hcrb.de\\\/wp-content\\\/uploads\\\/2022\\\/03\\\/20160703_140505.jpg\",\"contentUrl\":\"https:\\\/\\\/hcrb.de\\\/wp-content\\\/uploads\\\/2022\\\/03\\\/20160703_140505.jpg\",\"width\":2048,\"height\":1152},{\"@type\":\"BreadcrumbList\",\"@id\":\"https:\\\/\\\/hcrb.de\\\/index.php\\\/wka-unterstuetzer-mitgliedschaft\\\/#breadcrumb\",\"itemListElement\":[{\"@type\":\"ListItem\",\"position\":1,\"name\":\"Startseite\",\"item\":\"https:\\\/\\\/hcrb.de\\\/\"},{\"@type\":\"ListItem\",\"position\":2,\"name\":\"WKA Unterst\u00fctzer Mitgliedschaft\"}]},{\"@type\":\"WebSite\",\"@id\":\"https:\\\/\\\/hcrb.de\\\/#website\",\"url\":\"https:\\\/\\\/hcrb.de\\\/\",\"name\":\"H\u00e4ngegleiter-Club Regio Blauen\",\"description\":\"Gleitschirm- und Drachenfliegen im S\u00fcdschwarzwald\",\"publisher\":{\"@id\":\"https:\\\/\\\/hcrb.de\\\/#organization\"},\"potentialAction\":[{\"@type\":\"SearchAction\",\"target\":{\"@type\":\"EntryPoint\",\"urlTemplate\":\"https:\\\/\\\/hcrb.de\\\/?s={search_term_string}\"},\"query-input\":{\"@type\":\"PropertyValueSpecification\",\"valueRequired\":true,\"valueName\":\"search_term_string\"}}],\"inLanguage\":\"de\"},{\"@type\":\"Organization\",\"@id\":\"https:\\\/\\\/hcrb.de\\\/#organization\",\"name\":\"HCRB e. V.\",\"url\":\"https:\\\/\\\/hcrb.de\\\/\",\"logo\":{\"@type\":\"ImageObject\",\"inLanguage\":\"de\",\"@id\":\"https:\\\/\\\/hcrb.de\\\/#\\\/schema\\\/logo\\\/image\\\/\",\"url\":\"https:\\\/\\\/hcrb.de\\\/wp-content\\\/uploads\\\/2020\\\/11\\\/cropped-Logo_Verein.webp\",\"contentUrl\":\"https:\\\/\\\/hcrb.de\\\/wp-content\\\/uploads\\\/2020\\\/11\\\/cropped-Logo_Verein.webp\",\"width\":625,\"height\":168,\"caption\":\"HCRB e. V.\"},\"image\":{\"@id\":\"https:\\\/\\\/hcrb.de\\\/#\\\/schema\\\/logo\\\/image\\\/\"}}]}<\/script>\n<!-- \/ Yoast SEO plugin. -->","yoast_head_json":{"title":"WKA Unterst\u00fctzer Mitgliedschaft - H\u00e4ngegleiter-Club Regio Blauen","robots":{"index":"index","follow":"follow","max-snippet":"max-snippet:-1","max-image-preview":"max-image-preview:large","max-video-preview":"max-video-preview:-1"},"canonical":"https:\/\/hcrb.de\/index.php\/wka-unterstuetzer-mitgliedschaft\/","og_locale":"de_DE","og_type":"article","og_title":"WKA Unterst\u00fctzer Mitgliedschaft - H\u00e4ngegleiter-Club Regio Blauen","og_description":"Unterst\u00fctzer Mitgliedschaft \u00a0Wenn Sie uns bei der Erhaltung unseres Fluggebietes unterst\u00fctzen und an aktuellen Informationen \u00fcber den aktuellen Stand der Planungen f\u00fcr die Windkraftanlagen erhalten m\u00f6chten, dann melden Sie sich bitte \u00fcber das untenstehende Formular an.\u00a0 Gleichzeitig k\u00f6nnen Sie sich f\u00fcr einen Newsletter registrieren, mit welchem wir \u00fcber den aktuellen Stand der Planungen informieren. Die [&hellip;]","og_url":"https:\/\/hcrb.de\/index.php\/wka-unterstuetzer-mitgliedschaft\/","og_site_name":"H\u00e4ngegleiter-Club Regio Blauen","article_modified_time":"2023-09-11T07:44:37+00:00","og_image":[{"width":2048,"height":1152,"url":"https:\/\/hcrb.de\/wp-content\/uploads\/2022\/03\/20160703_140505.jpg","type":"image\/jpeg"}],"twitter_card":"summary_large_image","twitter_misc":{"Gesch\u00e4tzte Lesezeit":"1\u00a0Minute"},"schema":{"@context":"https:\/\/schema.org","@graph":[{"@type":"WebPage","@id":"https:\/\/hcrb.de\/index.php\/wka-unterstuetzer-mitgliedschaft\/","url":"https:\/\/hcrb.de\/index.php\/wka-unterstuetzer-mitgliedschaft\/","name":"WKA Unterst\u00fctzer Mitgliedschaft - H\u00e4ngegleiter-Club Regio Blauen","isPartOf":{"@id":"https:\/\/hcrb.de\/#website"},"primaryImageOfPage":{"@id":"https:\/\/hcrb.de\/index.php\/wka-unterstuetzer-mitgliedschaft\/#primaryimage"},"image":{"@id":"https:\/\/hcrb.de\/index.php\/wka-unterstuetzer-mitgliedschaft\/#primaryimage"},"thumbnailUrl":"https:\/\/hcrb.de\/wp-content\/uploads\/2022\/03\/20160703_140505.jpg","datePublished":"2023-05-17T07:28:27+00:00","dateModified":"2023-09-11T07:44:37+00:00","breadcrumb":{"@id":"https:\/\/hcrb.de\/index.php\/wka-unterstuetzer-mitgliedschaft\/#breadcrumb"},"inLanguage":"de","potentialAction":[{"@type":"ReadAction","target":["https:\/\/hcrb.de\/index.php\/wka-unterstuetzer-mitgliedschaft\/"]}]},{"@type":"ImageObject","inLanguage":"de","@id":"https:\/\/hcrb.de\/index.php\/wka-unterstuetzer-mitgliedschaft\/#primaryimage","url":"https:\/\/hcrb.de\/wp-content\/uploads\/2022\/03\/20160703_140505.jpg","contentUrl":"https:\/\/hcrb.de\/wp-content\/uploads\/2022\/03\/20160703_140505.jpg","width":2048,"height":1152},{"@type":"BreadcrumbList","@id":"https:\/\/hcrb.de\/index.php\/wka-unterstuetzer-mitgliedschaft\/#breadcrumb","itemListElement":[{"@type":"ListItem","position":1,"name":"Startseite","item":"https:\/\/hcrb.de\/"},{"@type":"ListItem","position":2,"name":"WKA Unterst\u00fctzer Mitgliedschaft"}]},{"@type":"WebSite","@id":"https:\/\/hcrb.de\/#website","url":"https:\/\/hcrb.de\/","name":"H\u00e4ngegleiter-Club Regio Blauen","description":"Gleitschirm- und Drachenfliegen im S\u00fcdschwarzwald","publisher":{"@id":"https:\/\/hcrb.de\/#organization"},"potentialAction":[{"@type":"SearchAction","target":{"@type":"EntryPoint","urlTemplate":"https:\/\/hcrb.de\/?s={search_term_string}"},"query-input":{"@type":"PropertyValueSpecification","valueRequired":true,"valueName":"search_term_string"}}],"inLanguage":"de"},{"@type":"Organization","@id":"https:\/\/hcrb.de\/#organization","name":"HCRB e. V.","url":"https:\/\/hcrb.de\/","logo":{"@type":"ImageObject","inLanguage":"de","@id":"https:\/\/hcrb.de\/#\/schema\/logo\/image\/","url":"https:\/\/hcrb.de\/wp-content\/uploads\/2020\/11\/cropped-Logo_Verein.webp","contentUrl":"https:\/\/hcrb.de\/wp-content\/uploads\/2020\/11\/cropped-Logo_Verein.webp","width":625,"height":168,"caption":"HCRB e. V."},"image":{"@id":"https:\/\/hcrb.de\/#\/schema\/logo\/image\/"}}]}},"_links":{"self":[{"href":"https:\/\/hcrb.de\/index.php\/wp-json\/wp\/v2\/pages\/6193","targetHints":{"allow":["GET"]}}],"collection":[{"href":"https:\/\/hcrb.de\/index.php\/wp-json\/wp\/v2\/pages"}],"about":[{"href":"https:\/\/hcrb.de\/index.php\/wp-json\/wp\/v2\/types\/page"}],"author":[{"embeddable":true,"href":"https:\/\/hcrb.de\/index.php\/wp-json\/wp\/v2\/users\/6"}],"replies":[{"embeddable":true,"href":"https:\/\/hcrb.de\/index.php\/wp-json\/wp\/v2\/comments?post=6193"}],"version-history":[{"count":10,"href":"https:\/\/hcrb.de\/index.php\/wp-json\/wp\/v2\/pages\/6193\/revisions"}],"predecessor-version":[{"id":6534,"href":"https:\/\/hcrb.de\/index.php\/wp-json\/wp\/v2\/pages\/6193\/revisions\/6534"}],"wp:featuredmedia":[{"embeddable":true,"href":"https:\/\/hcrb.de\/index.php\/wp-json\/wp\/v2\/media\/5105"}],"wp:attachment":[{"href":"https:\/\/hcrb.de\/index.php\/wp-json\/wp\/v2\/media?parent=6193"}],"curies":[{"name":"wp","href":"https:\/\/api.w.org\/{rel}","templated":true}]}}